 1566790136?
2, 195848767
What are the prime factors of 351943635?
3, 5, 271, 86579
What are the prime factors of 103555862?
2, 397, 130423
List the prime factors of 606259913.
7, 86608559
What are the prime factors of 54840405?
3, 5, 97, 37691
List the prime factors of 50245627.
83, 605369
List the prime factors of 33185724.
2, 3, 11, 13, 83, 233
List the prime factors of 185067817.
11, 16824347
What are the prime factors of 5096004002?
2, 73, 34904137
List the prime factors of 3117426.
2, 3, 13, 17, 2351
List the prime factors of 1301905386.
2, 3, 23, 349411
List the prime factors of 545934725.
5, 7, 137, 3253
List the prime factors of 174853123.
1069, 163567
What are the prime factors of 95173275?
3, 5, 79, 16063
What are the prime factors of 22309509?
3, 317, 23459
What are the prime factors of 597562836?
2, 3, 13, 3830531
What are the prime factors of 1382521116?
2, 3, 1181, 97553
List the prime factors of 148219603.
7, 21174229
What are the prime factors of 525209?
525209
What are the prime factors of 816749938?
2, 17, 24022057
What are the prime factors of 66038723?
5741, 11503
What are the prime factors of 858927114?
2, 3, 47718173
List the prime factors of 70491822.
2, 3, 47, 249971
List the prime factors of 38279716.
2, 17, 349, 1613
List the prime factors of 901167078.
2, 3, 7, 131, 163789
What are the prime factors of 147681325?
5, 11, 537023
What are the prime factors of 113770542?
2, 3, 53, 71, 5039
What are the prime factors of 102838773?
3, 19, 23, 47, 1669
What are the prime factors of 2277373831?
6917, 329243
What are the prime factors of 64897538?
2, 32448769
List the prime factors of 1567337218.
2, 783668609
What are the prime factors of 1597777?
1597777
What are the prime factors of 87208652?
2, 101, 215863
What are the prime factors of 56976093?
3, 571, 11087
What are the prime factors of 2057352841?
2057352841
List the prime factors of 20296551.
3, 11, 615047
What are the prime factors of 38197958?
2, 2473, 7723
What are the prime factors of 797432466?
2, 3, 132905411
List the prime factors of 75637138.
2, 19, 383, 5197
List the prime factors of 556595966.
2, 151, 1843033
What are the prime factors of 27489714?
2, 3, 7, 17, 38501
What are the prime factors of 1981865823?
3, 7, 307, 307409
List the prime factors of 360311933.
61, 5906753
List the prime factors of 935666252.
2, 233916563
List the prime factors of 179690104.
2, 11, 2041933
List the prime factors of 927078595.
5, 17, 23, 71, 6679
What are the prime factors of 91019678?
2, 409, 111271
List the prime factors of 43105244.
2, 7, 13, 79, 1499
List the prime factors of 296100574.
2, 7, 11, 23, 83597
List the prime factors of 1110724862.
2, 13, 1087, 39301
List the prime factors of 198577105.
5, 39715421
What are the prime factors of 2143965280?
2, 5, 523, 25621
What are the prime factors of 15613294?
2, 7806647
List the prime factors of 3228982221.
3, 101, 251, 42457
What are the prime factors of 1333812364?
2, 333453091
What are the prime factors of 22067773?
7, 13, 281, 863
What are the prime factors of 124315964?
2, 31078991
List the prime factors of 4606595330.
2, 5, 460659533
What are the prime factors of 7647097?
29, 167, 1579
List the prime factors of 32360571.
3, 17, 211507
List the prime factors of 24219666.
2, 3, 1345537
List the prime factors of 102404703.
3, 1733, 19697
What are the prime factors of 7120812919?
11, 647346629
What are the prime factors of 420426001?
2579, 163019
What are the prime factors of 228512925?
3, 5, 37, 27449
What are the prime factors of 266049399?
3, 7, 11, 1151729
What are the prime factors of 51003754?
2, 41, 621997
What are the prime factors of 221977558?
2, 11, 10089889
List the prime factors of 291037809.
3, 5333, 18191
List the prime factors of 281257699.
31, 607, 14947
What are the prime factors of 830689625?
5, 6645517
What are the prime factors of 582515520?
2, 3, 5, 599, 1013
List the prime factors of 2376607127.
139, 263, 65011
List the prime factors of 32951997.
3, 13, 281641
List the prime factors of 152991867.
3, 7, 53, 73, 269
What are the prime factors of 98675093?
11, 97, 92479
List the prime factors of 15852044.
2, 13, 304847
List the prime factors of 1059762455.
5, 61, 3474631
What are the prime factors of 1241988445?
5, 71, 3498559
What are the prime factors of 415144840?
2, 5, 11, 943511
List the prime factors of 689087060.
2, 5, 19, 1813387
What are the prime factors of 58772204?
2, 113, 130027
List the prime factors of 2552892509.
2552892509
List the prime factors of 212167135.
5, 2447, 17341
List the prime factors of 4665005718.
2, 3, 777500953
What are the prime factors of 31099459?
31099459
What are the prime factors of 596864849?
7, 17, 929, 5399
What are the prime factors of 5484374185?
5, 1096874837
List the prime factors of 111849727.
11, 401, 25357
What are the prime factors of 55650204?
2, 3, 1545839
What are the prime factors of 1858370425?
5, 74334817
What are the prime factors of 109517333?
271, 404123
What are the prime factors of 1729721075?
5, 811, 85313
What are the prime factors of 4170724140?
2, 3, 5, 11, 6319279
List the prime factors of 18900934.
2, 13, 19, 38261
List the prime factors of 7489611.
3, 43, 6451
What are the prime factors of 420916122?
2, 3, 11, 631, 1123
What are the prime factors of 1153465120?
2, 5, 7209157
List the prime factors of 3968287248.
2, 3, 151, 547501
What are the prime factors of 215197548?
2, 3, 751, 23879
List the prime factors of 96566312.
2, 151, 79939
List the prime factors of 404752844.
2, 8123, 12457
What are the prime factors of 720094256?
2, 7, 6429413
List the prime factors of 50074269.
3, 7, 31, 76919
List the prime factors of 27495088.
2, 1151, 1493
List the prime factors of 272197049.
37, 907, 8111
What are the prime factors of 980951876?
2, 967, 253607
What are the prime factors of 2491245834?
2, 3, 7, 11, 5392307
What are the prime factors of 1834009313?
191, 50273
What are the prime factors of 1358076233?
47, 28895239
List the prime factors of 122025365.
5, 7, 11, 151, 2099
What are the prime factors of 64957614?
2, 3, 10826269
List the prime factors of 2096072214.
2, 3, 73, 4785553
What are the prime factors of 5590566803?
337, 16589219
List the prime factors of 297783761.
11, 61, 443791
What are the prime factors of 386931768?
2, 3, 16122157
What are the prime factors of 2876453589?
3, 958817863
List the prime factors of 284139853.
17, 79, 211571
What are the prime factors of 2996046389?
7, 428006627
List the prime factors of 120474040.
2, 5, 67, 44953
What are the prime factors of 40618673?
40618673
What are the prime factors of 2228317?
7, 13, 47, 521
List the prime factors of 963336170.
2, 5, 233, 643
List the prime factors of 356660555.
5, 149, 478739
What are the prime factors of 2637188930?
2, 5, 263718893
List the prime factors of 85821219.
3, 11, 17, 50993
What are the prime factors of 2785115?
5, 19, 1543
List the prime factors of 1306284329.
7, 186612047
What are the prime factors of 256850488?
2, 47, 79, 8647
What are the prime factors of 229850380?
2, 5, 137, 149, 563
List the prime factors of 81129840.
2, 3, 5, 11, 79, 389
List the prime factors of 1302607391.
6551, 198841
What are the prime factors of 45669945?
3, 5, 3044663
List the prime factors of 2452426811.
593, 4135627
What are the prime factors of 25897644?
2, 3, 67, 1193
List the prime factors of 50682287.
17, 2981311
What are the prime factors of 84116975?
5, 3364679
What are the prime factors of 291613116?
2, 3, 24301093
List the prime factors of 875941082.
2, 17, 1515469
What are the prime factors of 4754193142?
2, 257, 9249403
What are the prime factors of 680877567?
3, 647, 116929
List the prime factors of 275262513.
3, 643, 142697
List the prime factors of 301419515.
5, 19, 3172837
List the prime factors of 4531395026.
2, 743, 3049391
What are the prime factors of 6122703513?
3, 2040901171
What are the prime factors of 108157529?
108157529
What are the prime factors of 94249238?
2, 31, 107, 14207
List the prime factors of 233003162.
2, 7, 101, 367, 449
List the prime factors of 442734303.
3, 11, 2687, 4993
What are the prime factors of 3788957376?
2, 3, 6578051
List the prime factors of 23922315.
3, 5, 17, 31271
List the prime factors of 255722339.
255722